 - 6. Calculate z(2).
14
Let q(h) = h**2 - 2341*h + 194000. Determine q(86).
70
Let r(l) = -l**2 + 145*l - 1951. What is r(13)?
-235
Let w(n) = 24618*n - 393886. Calculate w(16).
2
Let h(u) = -u**3 + 297*u**2 - 2047*u + 82. Determine h(7).
-37
Let j(l) = -2*l**2 - 5471*l - 27300. Determine j(-5).
5
Let b(j) = 737*j - 123786. Calculate b(168).
30
Let o(r) = -r**2 + 37*r + 3058. What is o(-40)?
-22
Let r(a) = -940*a - 9491. Determine r(-10).
-91
Let a(j) = -4702*j - 1551659. What is a(-330)?
1
Let i(q) = q**3 + 535*q**2 - 1805*q - 102773. Calculate i(-538).
-15
Let y(s) = 7*s**3 - 946*s**2 + 139*s - 1569. Give y(135).
-1029
Let z(v) = -16*v**3 + 177*v**2 - 495*v + 5318. What is z(11)?
-6
Let d(x) = -3281*x - 2840. Give d(-1).
441
Let f(q) = 83539*q - 4093413. Calculate f(49).
-2
Let m(i) = 1249*i + 229988. Determine m(-184).
172
Let l(n) = 331*n + 7388. Give l(-22).
106
Let z(s) = -70*s**2 + 82092*s + 21179. Determine z(1173).
65
Let h(r) = 461*r - 12949. What is h(28)?
-41
Let r(g) = -5*g**2 + 90*g - 553. Give r(7).
-168
Let p(v) = 1107*v**2 - 2230*v + 22. Determine p(2).
-10
Let g(y) = 68*y**3 + 548*y**2 - 2171*y - 14. What is g(4)?
4422
Let y(d) = -d**2 + 112803*d - 1466263. Give y(13).
7
Let c(b) = b**3 - 95*b**2 + 421*b - 31303. What is c(94)?
-565
Let j(t) = 4*t**2 + 1113*t - 65653. What is j(50)?
-3
Let n(p) = -1599*p**2 + 3200*p - 20. Determine n(2).
-16
Let u(w) = -w**3 + 119*w**2 + 92841*w - 7271. Give u(-251).
8
Let z(c) = 18*c**2 - 153*c - 103. What is z(10)?
167
Let c(m) = -290*m + 22385. Calculate c(70).
2085
Let x(n) = -7404*n + 1762158. Calculate x(238).
6
Let h(z) = -5*z**3 + 687*z**2 + 411*z + 411. Give h(138).
-3
Let d(v) = v**2 - 32*v + 210. Calculate d(-20).
1250
Let j(b) = -20555*b + 842726. Determine j(41).
-29
Let c(r) = -397*r + 63651. Calculate c(160).
131
Let n(b) = b**3 - 11*b**2 - 23936*b + 287063. Determine n(12).
-25
Let c(s) = 1641*s + 3397. Calculate c(-4).
-3167
Let x(w) = 477095*w + 2385469. Give x(-5).
-6
Let t(o) = -2*o**2 - 750*o - 16862. What is t(-351)?
-14
Let f(b) = 3*b**2 + 293*b - 17131. Calculate f(-139).
105
Let x(q) = q**3 + 161*q**2 - 2759*q - 420681. What is x(-162)?
33
Let v(o) = o**3 + 55*o**2 + 157*o + 2778. Determine v(-53).
75
Let u(o) = -37408*o + 1945149. Determine u(52).
-67
Let x(b) = 12*b**3 - 61*b**2 + 50*b - 163. Calculate x(4).
-171
Let k(o) = -2594*o + 225746. Calculate k(87).
68
Let l(y) = -y**2 - 59*y + 4265. Determine l(44).
-267
Let s(f) = 7*f**3 + 194*f**2 + 477*f + 76. Determine s(-25).
26
Let v(b) = 2190*b + 12924. Give v(-6).
-216
Let s(u) = -2*u**3 - 146*u**2 + 190*u + 3332. Determine s(-74).
224
Let z(p) = 87407*p + 262254. Give z(-3).
33
Let k(h) = 36954*h + 369706. Calculate k(-10).
166
Let o(d) = 3*d**2 - 947*d + 27214. What is o(32)?
-18
Let o(w) = w**3 + 117*w**2 - 92*w + 2723. Calculate o(-118).
-345
Let n(j) = 9*j + 1836. Calculate n(0).
1836
Let o(d) = d**3 + 12*d**2 - 205*d + 99. What is o(-21)?
435
Let i(q) = -70836*q - 2054240. Give i(-29).
4
Let i(y) = -y**3 + 70*y**2 - 379*y + 16518. Determine i(68).
-6
Let w(g) = -2989*g**3 + 9*g**2 + 52*g + 43. What is w(-1)?
2989
Let c(v) = 14*v**2 + 4247*v + 9937. Calculate c(-301).
4
Let o(j) = -95*j + 1873. Give o(13).
638
Let j(m) = -6609*m - 264365. Determine j(-40).
-5
Let f(r) = -r**3 + 181*r**2 + 550*r + 858. What is f(184)?
490
Let p(j) = j**3 - 124*j**2 - 36*j + 2035. Calculate p(124).
-2429
Let z(g) = -160309*g - 641257. Give z(-4).
-21
Let q(l) = 2210*l - 275942. Determine q(125).
308
Let y(x) = -5*x**2 + 148*x + 393. What is y(32)?
9
Let k(z) = -3*z**3 + 1348*z**2 - 465*z + 5861. Determine k(449).
-1323
Let y(d) = 69*d + 2112. Give y(-41).
-717
Let y(t) = -32*t**2 - 5545*t - 1577. What is y(-173)?
-20
Let t(y) = -2*y**2 + 10381*y - 524232. What is t(51)?
-3
Let j(h) = 10*h**2 - 496*h - 66. What is j(49)?
-360
Let y(g) = 27*g**2 + 1537*g + 1409. Determine y(-56).
9
Let v(a) = 30*a**2 - 20*a - 910. Give v(8).
850
Let f(a) = 626*a - 20399. What is f(34)?
885
Let r(v) = -69471*v - 15908874. Calculate r(-229).
-15
Let m(x) = 19256*x + 442905. What is m(-23)?
17
Let d(s) = s**2 + 71853*s + 2082894. Give d(-29).
-2
Let g(p) = -p**3 - 2854*p**2 - 525885*p + 7963. Calculate g(-2656).
-5
Let y(k) = -18014*k - 540853. Calculate y(-30).
-433
Let c(y) = -y**2 + 236*y - 13963. Give c(74).
-1975
Let s(b) = 7*b**2 - 546*b + 10585. Give s(42).
1
Let m(f) = -4*f**2 - 2684*f - 126456. Determine m(-620).
24
Let v(y) = -y**2 + 12279*y - 196271. Determine v(16).
-63
Let j(f) = -20*f**3 + 500*f**2 - 13*f + 316. What is j(25)?
-9
Let y(l) = 3*l**2 - 50*l + 267. What is y(14)?
155
Let b(z) = -18514*z + 944272. Give b(51).
58
Let k(o) = -67*o**2 + 20*o - 63. Calculate k(2).
-291
Let h(p) = p**2 - 453390*p - 906783. What is h(-2)?
1
Let u(r) = -4948*r - 98718. Give u(-20).
242
Let g(f) = -f**2 + 218502*f - 10267387. Determine g(47).
-2
Let a(m) = -m**3 + 128*m**2 + 185*m - 23598. Calculate a(128).
82
Let q(y) = y**2 + 46*y - 363. Give q(-56).
197
Let j(g) = 5*g**2 - 269*g + 760. Determine j(57).
1672
Let i(b) = -224*b**2 + 64*b - 77. What is i(3)?
-1901
Let u(t) = 23*t**2 - 1105*t + 1120. Determine u(47).
-8
Let p(x) = 157*x**2 + 228*x - 74. What is p(-2)?
98
Let j(u) = -10541*u + 126478. What is j(12)?
-14
Let m(r) = r**2 + 170967*r - 2564729. Determine m(15).
1
Let q(k) = k**2 + 116*k - 612. Determine q(-123).
249
Let q(y) = 2*y**2 + 810*y + 48882. Give q(-74).
-106
Let a(s) = 18*s**2 + 717*s - 12381. Determine a(16).
3699
Let a(s) = -3266*s**3 - 32*s**2 - 12*s + 1. Calculate a(-1).
3247
Let g(b) = -798*b + 6388. Determine g(8).
4
Let l(g) = 9692*g - 135724. What is l(14)?
-36
Let r(k) = -k**2 + 67*k + 48. Determine r(92).
-2252
Let l(n) = 5825*n - 40472. Give l(7).
303
Let p(s) = -41*s**3 + 7*s**2 + 57*s + 93. Calculate p(-4).
2601
Let m(x) = -17*x**3 + 5511*x**2 - 972*x - 702. Determine m(324).
-702
Let f(b) = 1104*b - 27579. Give f(25).
21
Let r(i) = -113*i**2 + 93*i + 15. Determine r(-1).
-191
Let c(u) = -132308*u + 132. Give c(0).
132
Let t(p) = 916*p + 468109. Calculate t(-511).
33
Let y(p) = -54959*p + 384741. Calculate y(7).
28
Let i(c) = c**2 + 1468*c - 10328. Calculate i(7).
-3
Let v(z) = z**2 - 5651*z - 348291. Determine v(-61).
141
Let o(t) = -284*t**2 + 191*t - 484. Calculate o(2).
-1238
Let j(a) = 398*a + 48911. Give j(-124).
-441
Let o(v) = -3*v**2 - 4470*v + 264537. Give o(57).
0
Let j(g) = 1092*g + 1687. Give j(-2).
-497
Let a(u) = -34*u**2 + 1651*u - 41. Give a(48).
871
Let i(o) = 3*o**3 + 14*o**2 - 3749*o - 18711. Calculate i(-5).
9
Let t(k) = 247*k**2 + 9600*k - 1272. Determine t(-39).
15
Let k(a) = 2*a**2 - 36526*a - 36524. What is k(-1)?
4
Let y(k) = k**3 - 645*k**2 - 8122*k - 2890. What is y(-12)?
-34
Let j(v) = -18584*v + 873461. What is j(47)?
13
Let c(n) = 4*n**2 - 615*n + 17764. What is c(33)?
1825
Let x(y) = -y**3 - 6*y**2 + 185*y + 3. Determine x(10).
253
Let t(m) = -2894*m - 56816. Give t(-19).
-1830
Let y(b) = 522*b - 7353. Determine y(13).
-567
Let i(m) = m**3 - 16*m**2 - 54*m + 54. Determine i(19).
111
Let v(p) = -666*p**2 + 398913*p + 12576. What is v(599)?
-3
Let a(d) = 934*d + 30797. What is a(-33)?
-25
Let h(c) = -777*c - 802. Determine h(-1).
-25
Let j(g) = -g**2 - 45183*g - 496875. Determine j(-11).
17
Let m(u) = 22*u**2 - 175*u + 81. What is m(8)?
89
Let o(p) = 3*p**2 + 92*p - 3889. Determine o(21).
-634
Let j(n) = -19644*n - 4478824. Give j(-228).
8
Let q(z) = -38*z**3 - 143*z**2 - 93*z + 19. Determine q(-3).
37
Let l(a) = 8094*a - 8154. Give l(1).
-60
Let u(i) = -i**3 - 48*i**2 - 639*i - 232. What is u(-19)?
1440
Let m(w) = -w**2 - 3198*w - 431041. Calculate m(-141).
-4
Let q(n) = -n**3 + 61*n**2 - 63*n + 146. What is q(60)?
-34
Let c(i) = i**3 - 86*i**2 - 655*i + 265. Calculate c(93).
-107
Let x(m) = m**2 + 107491*m - 1075019. Calculate x(10).
-9
Let b(z) = -z**3 + 2*z**2 + 2618*z + 10383. What is b(-4)?
7
Let t(k) = -5*k**3 - 262*k**2 - 77*k + 705. What is t(-52)?
-699
Let w(x) = 3*x**2 + 19783*x - 1703235. Determine w(85).
-5
Let t(a) = 494*a**2 - 84477*a + 517. Give t(171).
4
Let p(t) = 9*t**2 + 3947*t + 419939. Determine p(-257).
1
Let i(p) = 41*p**2 - 710*p - 6564. What is i(-9)?
3147
Let p(f) = -f**2 - 40*f + 274. Determine p(9).
-167
Let g(w) = w**2 - 2*w + 235. Give g(10).
315
Let 